is divided by 114.
31
Calculate the remainder when 536 is divided by 146.
98
What is the remainder when 2299473 is divided by 1149730?
13
Calculate the remainder when 416 is divided by 50.
16
What is the remainder when 984 is divided by 455?
74
What is the remainder when 327042 is divided by 302?
278
What is the remainder when 203276 is divided by 363?
359
What is the remainder when 962635 is divided by 382?
377
What is the remainder when 43023 is divided by 250?
23
Calculate the remainder when 22446 is divided by 1.
0
What is the remainder when 36012 is divided by 17999?
14
What is the remainder when 3470 is divided by 112?
110
What is the remainder when 87812 is divided by 1033?
7
What is the remainder when 269702 is divided by 363?
356
Calculate the remainder when 56266 is divided by 6.
4
Calculate the remainder when 15096 is divided by 3772.
8
Calculate the remainder when 60049 is divided by 41.
25
What is the remainder when 13256 is divided by 627?
89
What is the remainder when 1134717 is divided by 160?
157
What is the remainder when 88924 is divided by 14818?
16
Calculate the remainder when 140283 is divided by 227.
224
What is the remainder when 28994 is divided by 5797?
9
What is the remainder when 19736 is divided by 12?
8
What is the remainder when 261801 is divided by 1793?
23
Calculate the remainder when 211321 is divided by 443.
10
What is the remainder when 5118 is divided by 110?
58
What is the remainder when 8380 is divided by 388?
232
What is the remainder when 16280 is divided by 2324?
12
Calculate the remainder when 183372 is divided by 225.
222
Calculate the remainder when 125403 is divided by 2162.
7
Calculate the remainder when 1194466 is divided by 597227.
12
Calculate the remainder when 3046 is divided by 18.
4
Calculate the remainder when 9592 is divided by 246.
244
Calculate the remainder when 111687 is divided by 153.
150
Calculate the remainder when 767 is divided by 343.
81
What is the remainder when 1058 is divided by 403?
252
What is the remainder when 9145 is divided by 2264?
89
Calculate the remainder when 2112 is divided by 32.
0
Calculate the remainder when 4484 is divided by 29.
18
Calculate the remainder when 99040 is divided by 350.
340
Calculate the remainder when 241167 is divided by 25.
17
Calculate the remainder when 9935 is divided by 138.
137
Calculate the remainder when 90413 is divided by 152.
125
What is the remainder when 87441 is divided by 163?
73
Calculate the remainder when 4999 is divided by 57.
40
Calculate the remainder when 1175489 is divided by 84.
77
What is the remainder when 225971 is divided by 45192?
11
Calculate the remainder when 340677 is divided by 336.
309
What is the remainder when 12719 is divided by 10?
9
Calculate the remainder when 13856 is divided by 52.
24
What is the remainder when 108814 is divided by 4?
2
What is the remainder when 83687 is divided by 301?
9
Calculate the remainder when 1671 is divided by 565.
541
Calculate the remainder when 679676 is divided by 13.
10
What is the remainder when 3535 is divided by 46?
39
Calculate the remainder when 197437 is divided by 216.
13
Calculate the remainder when 43655 is divided by 203.
10
What is the remainder when 29971 is divided by 998?
31
What is the remainder when 4679 is divided by 728?
311
Calculate the remainder when 3040 is divided by 365.
120
What is the remainder when 210165 is divided by 1174?
19
What is the remainder when 92264 is divided by 188?
144
What is the remainder when 6192 is divided by 642?
414
Calculate the remainder when 3156349 is divided by 54.
49
Calculate the remainder when 1241 is divided by 998.
243
What is the remainder when 4830 is divided by 156?
150
What is the remainder when 6759 is divided by 219?
189
What is the remainder when 29890 is divided by 1270?
680
What is the remainder when 511946 is divided by 67?
66
What is the remainder when 357 is divided by 81?
33
What is the remainder when 7220 is divided by 38?
0
Calculate the remainder when 3368 is divided by 105.
8
What is the remainder when 21570 is divided by 597?
78
What is the remainder when 5140772 is divided by 297?
296
Calculate the remainder when 26414 is divided by 8695.
329
Calculate the remainder when 21675 is divided by 53.
51
Calculate the remainder when 4270 is divided by 6.
4
Calculate the remainder when 25250 is divided by 1324.
94
Calculate the remainder when 142142 is divided by 168.
14
What is the remainder when 224018 is divided by 46?
44
Calculate the remainder when 951 is divided by 193.
179
Calculate the remainder when 26320 is divided by 179.
7
Calculate the remainder when 1564 is divided by 147.
94
Calculate the remainder when 373 is divided by 157.
59
Calculate the remainder when 2746 is divided by 140.
86
Calculate the remainder when 94184 is divided by 273.
272
What is the remainder when 35941 is divided by 4490?
21
What is the remainder when 42915 is divided by 932?
43
What is the remainder when 7289681 is divided by 1163?
1160
Calculate the remainder when 213541 is divided by 565.
536
What is the remainder when 420451 is divided by 31?
29
What is the remainder when 8984 is divided by 19?
16
What is the remainder when 68763 is divided by 21?
9
Calculate the remainder when 32374 is divided by 32187.
187
What is the remainder when 65019 is divided by 75?
69
Calculate the remainder when 146011 is divided by 104.
99
Calculate the remainder when 31031 is divided by 43.
28
Calculate the remainder when 32989 is divided by 5495.
19
What is the remainder when 22800 is divided by 7600?
0
Calculate the remainder when 4192 is divided by 374.
78
What is the remainder when 12375 is divided by 52?
51
Calculate the remainder when 9613 is divided by 21.
16
What is the remainder when 644650 is divided by 18960?
10
What is the remainder when 735677 is divided by 176?
173
Calculate the remainder when 671963 is divided by 205.
178
Calculate the remainder when 26930 is divided by 8969.
23
What is the remainder when 8215 is divided by 1642?
5
Calculate the remainder when 4014 is divided by 840.
654
What is the remainder when 8504 is divided by 493?
123
Calculate the remainder when 1088 is divided by 1012.
76
Calculate the remainder when 74247 is divided by 50.
47
Calculate the remainder when 28749 is divided by 282.
267
What is the remainder when 395818 is divided by 86?
46
Calculate the remainder when 6061 is divided by 319.
0
Calculate the remainder when 12440 is divided by 38.
14
What is the remainder when 60699 is divided by 101?
99
What is the remainder when 9982 is divided by 12?
10
Calculate the remainder when 14053 is divided by 89.
80
Calculate the remainder when 1950 is divided by 489.
483
What is the remainder when 70503 is divided by 940?
3
What is the remainder when 4654 is divided by 19?
18
What is the remainder when 61180 is divided by 309?
307
What is the remainder when 149336 is divided by 6788?
0
What is the remainder when 1858 is divided by 330?
208
Calculate the remainder when 20563 is divided by 212.
211
Calculate the remainder when 17733 is divided by 206.
17
What is the remainder when 363578 is divided by 12119?
8
What is the remainder when 3904 is divided by 868?
432
Calculate the remainder when 179006 is divided by 27.
23
Calculate the remainder when 338553 is divided by 63.
54
What is the remainder when 216228 is divided by 216215?
13
Calculate the remainder when 13012 is divided by 12945.
67
What is the remainder when 7171 is divided by 7165?
6
Calculate the remainder when 11885 is divided by 526.
313
What is the remainder when 2712 is divided by 194?
190
Calculate the remainder when 307 is divided by 232.
75
What is the remainder when 21008 is divided by 25?
8
What is the remainder when 2600351 is divided by 24?
23
Calculate the remainder when 254115 is divided by 898.
879
What is the remainder when 206789 is divided by 25?
14
What is the remainder when 193103 is divided by 23?
18
Calculate the remainder when 2346 is divided by 175.
71
Calculate the remainder when 7902 is divided by 31.
28
Calculate the remainder when 271555 is divided by 238.
235
What is the remainder when 37588 is divided by 319?
265
What is the remainder when 4375 is divided by 169?
150
Calculate the remainder when 24884 is 